9
Let u be ((-3)/(-12) + (-1)/4)/2. Suppose -16*k + 14*k + 322 = u. Suppose -i = -6*r + 4*r + k, -3*r - 3*i = -228. What is the units digit of r?
9
Suppose 13*k + 7*k = 36*k - 285312. What is the ten thousands digit of k?
1
Let v(r) = 16790*r**3 + 2*r**2 - 10*r + 6. What is the tens digit of v(1)?
8
Suppose 72*r - 69*r + 2*t = -8, 0 = 3*r + 5*t + 2. What is the thousands digit of 1087*(-1)/(3 + r)?
1
What is the hundreds digit of 52/(-312) - (-79103)/12 - (-2)/8?
5
Let m = 532 + -254. Let u = m + 74. What is the hundreds digit of u?
3
What is the units digit of 14355 - (-50)/(-13 - -23)?
0
Let w(t) = -t**3 + 7*t**2 + 6*t + 9. Let c = 104 - 146. Let m be 16/28*c/(-4). What is the tens digit of w(m)?
8
Suppose -c + 6033 + 2422 = 0. Suppose 15*r - 34*r + c = 0. What is the units digit of r?
5
Let o = -83615 + 140878. What is the ten thousands digit of o?
5
Let c = 184 - 179. Suppose 7*i = 3*i - 4*b + 716, -5*b = -c*i + 855. What is the units digit of i?
5
Suppose -2*a = -4*i + 3304, 4*i = -4*a + 576 + 2728. What is the tens digit of i?
2
Let m(g) = g**3 + 18*g**2 + 33*g + 16. Let f be m(-16). Let v be (4 - f)*(70 + -1 + 5). Let b = v - 174. What is the hundreds digit of b?
1
Let o = -1562 + 4214. Suppose -o = -270*r + 266*r. What is the units digit of r?
3
Suppose 2*g = -5*f + 14702, 26*g - 23*g + 2*f - 22064 = 0. What is the hundreds digit of g?
3
Suppose 14 = -y + 4*a, a = -5*y + y - 5. Let x(r) = -5 + 2 - 13 - 72*r. What is the tens digit of x(y)?
2
Let h(t) = -337*t - 2. Let l be h(-1). Suppose 2*n + a = -l, -a - 135 = n + 35. Let x = 348 + n. What is the hundreds digit of x?
1
Let s be 3 + 2 - 4002/(-2). Suppose x + 3*h - 677 = 0, -3*x - 3*h + s = h. What is the units digit of x?
2
Suppose 2*g - 4 = -4*c, -5*c = g - 6 + 4. Suppose -4*j - f + 3947 = c, 4*j - 4*f - 96 = 3856. What is the units digit of j?
7
Let q(n) be the second derivative of -n**4/12 - 21*n**2 + 12*n. Let a be q(0). Let d = a - -124. What is the tens digit of d?
8
Let h = -2 + 13. Suppose 10*o = 9*o + h. Suppose 13*l - o*l = 16. What is the units digit of l?
8
Suppose -5583*p + 5604*p - 331107 = 0. What is the hundreds digit of p?
7
Let c(l) = 654*l**3 + 4*l**2 - 8*l + 5. Let y = -221 + 222. What is the tens digit of c(y)?
5
Suppose -1 = o + 9. Let t(n) be the second derivative of n**5/20 + 3*n**4/4 - 11*n**3/3 + 2*n**2 + n + 3206. What is the tens digit of t(o)?
2
Let z(j) = 29*j - 152. Let v be z(14). Let g = 614 - v. What is the tens digit of g?
6
Let m = 1122 + -1920. Let a = -232 - m. What is the tens digit of a?
6
Suppose 10*a - 280066 - 92698 = -82604. What is the ten thousands digit of a?
2
Suppose -2*m = 2*m + 4*l, 8 = -2*l. Suppose m*w + 3*x + 1 + 0 = 0, -2*w = 4*x + 8. Suppose -w*p - 8 = -152. What is the units digit of p?
2
Let t(u) = -6*u - 63. Let m(r) = -r - 1. Let x(s) = 12*m(s) - t(s). Suppose 37*n - 114 = -780. What is the hundreds digit of x(n)?
1
Suppose v - 10 = 116. Let i = v + 45. What is the tens digit of i?
7
Let i = -17788 - -28694. What is the hundreds digit of i?
9
Let f = 18 + -12. Suppose 15*t + f*t - 11445 = 0. What is the units digit of t?
5
Suppose 150*k - 6555877 + 1022242 = 2928165. What is the tens digit of k?
1
Suppose 5*n + 5*i - 45785 = 0, 36607 = 12*n - 8*n + i. What is the units digit of n?
0
Let l(r) = -49 - 2*r - 58 + 40*r + 40. What is the hundreds digit of l(11)?
3
Suppose -268 = -14*p + 278. Suppose i - p = j, -4*i + j = -10 - 158. What is the tens digit of i?
4
Let w = -586 - -279. Let g = 475 + w. What is the tens digit of g?
6
Suppose 16*v - 5*v + 19*v - 213600 = 0. What is the thousands digit of v?
7
Suppose 11*t = 8*t + 123. Let h = t - 41. Suppose 3*j + 104 = l, -l + 2*j + 45 + 58 = h. What is the hundreds digit of l?
1
Suppose 0 = -56*w - 1932 + 144396. What is the tens digit of w?
4
Let k be (11/(-8) - (-1)/(-8))*-146. Let x = 247 - k. What is the tens digit of x?
2
Suppose -195 = -4*s + 3*s. Suppose 2549 = 8*h - s. What is the hundreds digit of h?
3
Suppose 6*g = -g + 1512. Suppose 26*m - 590 = g. What is the units digit of m?
1
Suppose 61*w = 5*g + 59*w - 69947, -5*w = -5*g + 69965. What is the thousands digit of g?
3
Let r(p) be the third derivative of 0 + 0*p - 1/6*p**5 - 20*p**2 + 3*p**3 - 17/24*p**4 - 1/120*p**6. What is the tens digit of r(-9)?
9
Let x = 265 - 265. Suppose x = -6*f + 2761 + 71. What is the tens digit of f?
7
Let x = -118 - 66. Let v = x + 44. Let k = v - -213. What is the tens digit of k?
7
Let j = 2105 - 934. Let x = j - 517. What is the tens digit of x?
5
Suppose -22*v - 36*v = -70818. What is the units digit of v?
1
Let s = -13401 - -28950. What is the tens digit of s?
4
Let r(y) be the third derivative of -y**6/120 + 7*y**5/20 + 35*y**4/24 - 47*y**3/2 - 2*y**2 - 70*y. What is the tens digit of r(22)?
4
Suppose 3*f - 15851 = -2*i, -7928 = -i - 26*f + 27*f. Suppose -i = -5*h + 2253. What is the units digit of h?
6
Let z = 284 - -55. Let t = 564 - z. What is the units digit of t?
5
Let o = 49336 + -5809. What is the units digit of o?
7
Let u(g) be the third derivative of g**4/12 - 5*g**3 + 3*g**2. Let l be u(16). Let n(h) = 41*h + 6. What is the tens digit of n(l)?
8
Let u be (-77)/(-14)*((-18)/3)/3. Let o(v) = v**3 - 10*v**2 - 2*v + 9. Let k be o(11). Let m = u + k. What is the tens digit of m?
9
What is the tens digit of -4 + -1 + (6 - -4939)?
4
Let v(c) = -10*c + 2123. Let y be v(0). Suppose 23*j + y = 4*b + 26*j, -2121 = -4*b - j. What is the units digit of b?
0
Let a(x) = -1 - 4 + 0 - 2 - 26*x. Suppose 0 = 3*p + 9 + 6. What is the hundreds digit of a(p)?
1
Suppose -j - 1508 = 4*w, -2*w = -8 + 12. Let n = -4 - j. What is the units digit of n?
6
Let r = 54748 - 44681. What is the thousands digit of r?
0
Let i = 3713 + 7115. What is the hundreds digit of i?
8
Suppose -3*i - 628 = -3*u - 3817, 2*u = -2. Suppose 0 = 3*m + 2*s - 724 - i, -4*m - 2*s = -2378. What is the hundreds digit of m?
5
Let m(u) = -5*u - 5*u**2 + 3*u - u + u**3 - 1. Suppose -b = 2*s - 17, -b = 4*s - 0*b - 29. What is the units digit of m(s)?
7
Suppose 2*m = -3*w + 63883, 114*w - 109*w = 3*m - 95853. What is the ten thousands digit of m?
3
What is the tens digit of (-30)/9*156840/(-80)?
3
Suppose -25 = 2*y + 5*m, -y = m - 2*m - 5. Suppose y = -2*n + 2*o + 1332, 19*o = -4*n + 20*o + 2664. What is the tens digit of n?
6
Suppose h - 2*y + 26 = 0, 4*h + 40 = -5*y - 12. Let t = h + 36. What is the tens digit of 464/t + (-4)/(-18)?
2
Suppose -5*l + 74 = -26. Suppose -5*u = -0 + l. What is the tens digit of (-13 + (u - -3))*-4?
5
Let o = -4505 + 9510. What is the units digit of o?
5
Let s = 28112 - 10114. What is the ten thousands digit of s?
1
Suppose 21*c + 146 = 755. Suppose 9*v - c*v + 5660 = 0. What is the tens digit of v?
8
Let n(c) = -9*c**3 - 40*c**2 - 5*c + 127. What is the tens digit of n(-14)?
5
Suppose -18*a + 307688 = a + 88523. What is the thousands digit of a?
1
Let j(z) = 29*z + 527. What is the hundreds digit of j(38)?
6
Suppose 4*v = -4*k - 501 + 81, -5*v + 3*k = 485. Let s(b) = b**3 + 5*b**2 - 2*b - 9. Let g be s(4). Let y = g - v. What is the units digit of y?
7
Let r be 2/(-3)*(7 - 8 - 5). Suppose -5*m - 12 = p, -4*p + 25 - 1 = -r*m. Suppose -3*b = -5*x - 6*b + 144, -p*x + 4*b = -69. What is the tens digit of x?
2
Let c(k) = 8*k**2 + 46*k - 32. Suppose 0 = 13*v - 29 + 198. What is the tens digit of c(v)?
2
Suppose 7*a - 108 = 116. Let r = a - 27. Suppose r*j - 5*h = 520, 5*h = -j + 6 + 92. What is the units digit of j?
3
Suppose 5*j + 5*n = -526 - 1134, 0 = 2*n - 2. Let s = 967 + j. Let q = -438 + s. What is the hundreds digit of q?
1
Let d(m) = 968*m**3 - 5*m**2 + 19*m - 59. What is the hundreds digit of d(4)?
8
Let g(r) = 146*r + 50. What is the tens digit of g(31)?
7
Let u(i) = 641*i**2 - 6*i + 3. Let j(g) = 32*g - 31. Let f be j(1). What is the hundreds digit of u(f)?
6
Let r be 2/(4*-3) - 9037/(-42). Suppose 3*z = 33 + 30. Let a = r + z. What is the tens digit of a?
3
Let w = -29 + 46. Suppose -5*d + w = -83. Suppose -34 - d = -b. What is the units digit of b?
4
Suppose -4*p - 35 + 10 = -l, -3*l + 3 = 0. What is the tens digit of p - (-883 - -6) - 3?
6
Suppose 0 = -7*y + 10*y - 24219. What is the units digit of (122/(-183))/(2/y*-3)?
7
Suppose 220*a - 175152 = 749068. What is the units digit of a?
1
Let 